late -1 + -1 + (-5 - -5) + 4.
2
Calculate -1 + -3 + -4 + 3.
-5
Calculate (0 - (-7 + 1)) + -9.
-3
-6 - (7 + -10) - -3
0
What is -5 - ((11 - 4) + -5 + -7)?
0
-5 + 13 + -8 + 8
8
What is the value of -2 + -1 + -2 + -1 - -3?
-3
What is the value of (-2 + 0 - -2) + 3 + -2?
1
-1 + -8 + (2 - -2)
-5
What is the value of 13 + -21 + -10 + 22?
4
What is (-2 - 0) + (1 - (4 + -9))?
4
0 + -3 + -29 + 22 + 0
-10
What is the value of 2 + -1 - (-6 + 6)?
1
Calculate 4 - 4 - -2 - 7 - -8.
3
What is 16 - 9 - (6 + -1)?
2
Evaluate 3 + -13 + (-4 - -8) + 1.
-5
Calculate 5 - ((2 - 1) + 5).
-1
What is -5 + 6 + -5 + 5?
1
-1 + 7 + (-26 - -14) - 0
-6
-3 + 0 - -3 - (1 - 4)
3
Evaluate (-2 - -2) + (3 - 6).
-3
(9 - -2) + 3 + -7
7
Evaluate -3 + (13 - 4 - 1).
5
9 - (-5 + 5 - -4)
5
What is the value of -4 - ((-5 - -8) + -6) - -1?
0
Evaluate 5 - (-7 + 11) - (-2 - 1).
4
Calculate (1 - 5) + (-17 + 22 - -5).
6
Calculate 4 + 17 + (2 - 14).
9
3 - 8 - 7 - -8
-4
Calculate 10 - (-4 + -1 + 6 - -4).
5
What is the value of -7 + (-4 - (-14 + 4 + 3))?
-4
What is the value of 2 - -4 - (-8 + 20 + -7)?
1
-8 + (14 - 7) + 3
2
Calculate (-22 - -7) + (7 - -2).
-6
What is -29 + 14 + 27 - 10?
2
(-14 - -11) + 1 + 2
0
Evaluate (12 - 11) + 2 + (-2 - -1).
2
What is the value of -4 - ((-1 - -5) + -6)?
-2
What is the value of 5 + 16 + -20 + (-2 - -8)?
7
12 - (0 - (4 - 11))
5
26 + -32 - (-2 + -5)
1
What is 0 - ((-6 - -3) + 4)?
-1
Calculate 7 + (-1 - -1) + -3 + -7.
-3
What is the value of -141 + 150 + 0 + -16?
-7
Evaluate (-1 - (3 + -4 - -6)) + 1.
-5
Calculate (-3 - 1 - 0) + 5.
1
Evaluate 3 - -1 - (-3 + 7).
0
What is (1 - 4) + 0 + 5?
2
Evaluate -2 + (-1 - -2 - -1) - 2.
-2
What is the value of -6 + (4 - 4 - -1)?
-5
What is (1 - 5) + -3 + (6 - 1)?
-2
Evaluate -5 + 4 + (0 - (-1 + -4)).
4
(2 - (2 - 3)) + -4 + -4
-5
Calculate -1 - (5 + -7) - 4.
-3
Evaluate 1 - (-3 + 2 + -7 + 4).
5
-7 + 4 + 0 - 2
-5
What is the value of 4 - (3 + -6 + 2)?
5
4 - -2 - (-44 + 44)
6
(-17 - -23) + 0 + -8
-2
What is -9 + 16 + -6 + -1?
0
Evaluate 2 + -1 - 1 - -3.
3
Calculate -24 + 25 + (0 - 6 - -2).
-3
What is the value of -3 - (0 + -1) - (-21 - -25)?
-6
What is 1 - 2 - (-37 - -41)?
-5
Calculate 0 - -1 - (10 - 6).
-3
Calculate -8 - (-6 - (-5 + 2)) - -14.
9
What is -5 + 10 + -6 - 5?
-6
What is the value of 1 + 7 + -7 + 4?
5
Calculate -6 + (-2 - (-18 - -6)).
4
What is 46 - 42 - (-1 + 5)?
0
(0 + 1 - 3 - -1) + 3
2
What is the value of 4 - (-1 + 3 + (3 - 0))?
-1
Evaluate 0 + -14 + 4 + 18.
8
Calculate 9 + (-3 - -5) - (4 + 2).
5
3 - 0 - (-36 + 37)
2
What is -2 - ((1 - -3) + -3 + -5)?
2
Calculate 5 - ((2 + -3 - 3) + 7).
2
Evaluate 2 - 3 - ((-3 - -5) + -2).
-1
What is -8 + (4 - -3) - (-2 + -1)?
2
What is -5 - -4 - 1 - (-6 - -1)?
3
Calculate -5 + 6 - 2 - (0 - 3).
2
Evaluate (11 - 13) + (2 - -5).
5
What is -13 + (22 - 9) - (-1 - 0)?
1
-4 + -4 + 3 + 2
-3
Evaluate 0 + -1 - (-2 + -5 + 1).
5
Calculate 1 + -9 + 2 + 0.
-6
Evaluate -5 + 12 + 2 + -6.
3
What is the value of (2 - (-1 - 0)) + 4 + -2?
5
Calculate -5 + (-2 - (-10 + 5)).
-2
-2 + (-13 - -10) + 2 + 3
0
What is 1 + (0 - -1) + (2 - 0)?
4
What is -11 + 23 + -16 - 4?
-8
-1 + 0 + -3 - -9
5
What is the value of -13 - -4 - (3 + -4) - -7?
-1
What is 0 - 7 - (-12 - (-19 - -9))?
-5
What is the value of -3 - (-21 + 17 + 3 + 1)?
-3
What is the value of (3 - -5) + -17 - -3?
-6
What is the value of 0 - (2 + -10 - (-20 - -22))?
10
What is 1 + (6 - 4) + 1?
4
Evaluate (3 - (1 - 0)) + 2 - 2.
2
Evaluate 1 - (-5 - ((-5 - -8) + -13)).
-4
Calculate 16 - ((-7 - 6) + 20).
9
What is -14 + 17 - (1 + (-1 - 0))?
3
Evaluate -1 + 1 + 1 - (-110 - -117).
-6
What is 4 + 1 + (-36 - -29)?
-2
What is the value of (0 - (3 - 7)) + -4 + -5?
-5
Calculate 1 + -2 - (-1 + (-2 - -5)).
-3
What is the value of 1 + 10 + (-14 - -8)?
5
Calculate (-7 - -9) + -1 + (0 - 5).
-4
What is (4 + (-9 - -3) - -3) + 0?
1
-1 - ((-9 - 4) + 8)
4
Evaluate (1 - 1) + (4 - (-2 + 3)).
3
What is the value of -7 + 4 + 4 + (3 - 7)?
-3
Evaluate -6 - (-2 + -2 + 5 - 3).
-4
What is the value of 2 - (-3 + 6) - (3 - 1)?
-3
Calculate -8 - -12 - (0 + 3).
1
Evaluate (-1 - -1) + -32 + 36.
4
What is the value of (2 - (-2 + 2)) + 0?
2
(15 - (5 - 1)) + -12 + 12
11
What is 0 + -2 + 0 + (-5 - -1)?
-6
2 + (-2 + -1 - (20 - 23))
2
(3 + -3 - -5) + (-5 - 0)
0
What is -7 + (6 - 5 - (-4 + 2))?
-4
Evaluate -1 - -1 - (-7 - (-10 - -2)).
-1
Calculate -3 + -5 + 2 + 6.
0
What is the value of -2 + 5 + -8 - (-4 - 7)?
6
What is the value of 0 - (7 - (-5 - -7))?
-5
Evaluate -23 + 14 + 8 - (-12 - -2).
9
3 + 1 + -2 + -3
-1
What is the value of (-6 - 3) + 1 + 2 + -1?
-7
What is (0 - 2) + (-3 - -1)?
-4
6 + -1 + 0 - 0
5
What is (-25 - -16) + (8 - -3)?
2
What is the value of 2 + (-3 - -5) + (-10 - -14)?
8
What is -8 + (2 - -1) + 3 + 5?
3
What is the value of (-11 + 1 - -11) + (1 - -4)?
6
Evaluate 5 + -8 + 6 + -1.
2
Evaluate -8 - -8 - (2 - (1 + 1)).
0
What is (-1 - -2) + -20 + 16 - 1?
-4
What is the value of -2 + (6 - -2) - 9?
-3
What is the value of 2 - -3 - (-2 + -3 + 3)?
7
What is -9 - (-7 - -6) - -3?
-5
Calculate -1 + 5 - (-105 - -116).
-7
-3 + -2 + -1 + 4 + 3
1
What is -3 + 2 + -2 + 4?
1
What is the value of (-16 + 5 - -6) + 5 + -9?
-9
Evaluate 2 - 8 - -2 - (2 - 13).
7
Evaluate -1 - 4 - (3 + -23 + 19).
-4
Evaluate 1 + 6 + -27 + 28.
8
Calculate 5 + (-2 - 10 - 2).
-9
Calculate -4 + (6 + 3 - 2 - -6).
9
-16 + 3 + 18 - (6 - -1)
-2
Calculate 1 - (-2 + (2 - 2 - -4)).
-1
Evaluate -12 + 11 - (-2 + (1 - -5)).
-5
-2 + 0 + 11 + -9
0
What is the value of 4 - -1 - (34 - 27)?
-2
2 - ((-1 - -2) + 3 + -8)
6
Evaluate 5 - (-2 + -2 + -4 + 9).
4
What is the value of 6 - (2 - 1) - (-10 - -9)?
6
Evaluate -6 + 1 + 0 + 22 + -20.
-3
Evaluate 6 + (-6 - -6) - 1.
5
What is 2 - (3 + -11 + 9)?
1
What is 9 + (-6 - 4) - -6?
5
Calculate -35 + 32 - (1 + 1 + -4).
-1
What is 2 + -1 + -5 + 6 + -1?
1
What is -4 - (-3 + 4 - 3)?
-2
Evaluate -4 + 1 + -3 + 9 + -3.
0
Calculate -5 - (-9 - (-3 - -3)).
4
-200 - -202 - (-6 + 0)
8
What is 1 + 1 - (1 + 3 - 5)?
3
(0 + 1 - 1) + -3 - 0
-3
What is 13 - (19 + -8) - (-4 - 2)?
8
Evaluate -1 + 5 + 0 - (1 + 1).
2
-3 + -2 + -18 + 22
-1
0 + (3 - -2 - 9)
-4
What is -4 + -7 + (1 - -10)?
0
Calculate (-10 - (-6 + 7)) + 4.
-7
Calculate -8 + 1 - (33 + -40).
0
Evaluate -1 + (1 - 8) + 10 + -8.
-6
Calculate -1 - (-5 + (-2 - -6)).
0
What is the value of (11 - 7) + -6 + -1?
-3
0 + 1 - (6 + -8)
3
(2 - 4) + -4 - (7 - 21)
8
What is 0 + 3 - ((-4 - -2) + 0)?
5
What is 22 + -11 + -5 - (-3 - 0)?
9
Calculate (4 - 1 - 4) + -1.
-2
Calculate -6 + (3 - -6) + -3.
0
What is the value of (-3 - 6) + 1 - -3?
-5
0 + -4 + -2 + 19 + -8
5
What is 5 + (4 - (3 + 7))?
-1
What is -2 - (4 + (1 - -3 - 5))?
-5
Evaluate 5 - (3 - (-6 + (7 - 3))).
0
What is -3 + 6 + (1 + -1 - -2)?
5
What is (3 - 1) + (9 + -20 - -14)?
5
What is 2 + -7 + -33 + 37?
-1
Calculate -2 + 1 + 3 + -2.
0
What is (4 - -1) + (-9 - 0)?
-4
What is -2 - (-5 - -13 - 8) - 1?
-3
What is 3 - 5 - (-2 + 0 + -3)?
3
Evaluate -2 + 4 + -6 + 3.
-1
Calculate -2 - (9 + (5 - 11)).
-5
What is 4 - (10 + 0 + -1)?
-5
What is the value of (-5 + 1 - -8) + -4?
0
Evaluate 3 - (1 - (-3 - 6)) - -3.
-4
Evaluate -2 + (-2 - -1 - 2) + 5.
0
What is the value of -71 - -79 - (0 - 0 - 1)?
9
What is the value of 4 - (-4 - -11) - -3?
0
3 + -4 + 1 + 5 + 0
5
What is (-7 - -4) + 2 + -5?
-6
Calculate 4 - (0 + (1 + -2 - -6)).
-1
What is the value of 3 + -3 + (8 - 3) + -3?
2
0 + 2 + 0 + -7 - 0
-5
What is the value of ((4 - 4) + -1 - 1) + -2?
-4
What is the value of -3 - 9 - (1 + -7)?
-6
Calculate (-2 - 1 - -4 - -3) + -7.
-3
6 + -1 - 9 - (0 + -1)
-3
What is the value of 3 - (-2 + 2 + 12 + -7)?
-2
-3 - (-8 + 7 - (8 - 2))
4
What is the value of (-4 - -4) + 5 + 1?
6
What is the value of -4 - 0 - (-4 - 3)?
3
-7 - ((-13 - 1) + (-51 - -54))
4
What is -15 + -1 + 2 - -12?
-2
Evaluate 9 + -3 + -9 - -3.
0
What is 1 + 1 + 3 - 6?
-1
-3 - (-2 - 2) - 4 - 1
-4
2 + 0 + -2 - -5
5
Evaluate 1 + 2 + 3 + -6.
0
What is the value of 17 + -26 - (0 - 4)?
-5
Evaluate 7 + -5 + (1 - -1).
4
Calculate (-4 - 3) + 3 + 0.
-4
Calculate (6 - 1) + 10 + -15.
0
Calculate (-4 - (1 + -7)) + -3.
-1
What is 5 + 0 + -7 - (-2 - -2)?
-2
What is the value of (-1 - 5) + -3 + 8?
-1
Calculate 6 - 9 - (0 + 2).
-5
What is 3 + -1 + -1 - 0?
1
Evaluate 2 - 4 - (-3 - -4).
-3
Evaluate (4 - (1 + 4 + 1)) + 1.
-1
-9 - (7 - 12) - (-1 + -1)
-2
Evaluate (-4 - 1) + (0 - -5).
0
What is 2